79931 a composite number?
False
Is 5053 a prime number?
False
Is 2060543 a prime number?
True
Is 12953 prime?
True
Is 658093 a composite number?
True
Is 1911961 a composite number?
False
Is 15853 a composite number?
True
Is 2333 a prime number?
True
Is 32933 a composite number?
False
Is 119779 prime?
False
Is 45281 a composite number?
False
Is 265015 a composite number?
True
Is 5209 a prime number?
True
Is 206029 a composite number?
True
Is 493363 prime?
False
Is 243671 prime?
True
Is 5053 a composite number?
True
Is 202 a composite number?
True
Is 6547 prime?
True
Is 12841 composite?
False
Is 58039 a composite number?
True
Is 162943 a composite number?
True
Is 174403 a composite number?
True
Is 8482 prime?
False
Is 25667 a composite number?
False
Is 6521 a composite number?
False
Is 382685 prime?
False
Is 33149 a prime number?
True
Is 3037 a composite number?
False
Is 5143 prime?
False
Is 17657 prime?
True
Is 20849 composite?
False
Is 1473529 composite?
False
Is 64751 a composite number?
True
Is 475729 prime?
True
Is 4955 a prime number?
False
Is 75077 a composite number?
True
Is 70671 a composite number?
True
Is 284681 prime?
True
Is 5147 composite?
False
Is 2503 a composite number?
False
Is 121787 a composite number?
False
Is 88898 a composite number?
True
Is 199162 composite?
True
Is 1226 prime?
False
Is 114263 a composite number?
True
Is 176777 composite?
False
Is 141689 prime?
True
Is 511619 composite?
True
Is 16886 composite?
True
Is 491 composite?
False
Is 240323 a composite number?
True
Is 29135 a prime number?
False
Is 31357 a prime number?
True
Is 8641 a prime number?
True
Is 228281 composite?
False
Is 8637 composite?
True
Is 80743 prime?
False
Is 1615135 a prime number?
False
Is 5333 composite?
False
Is 510827 composite?
False
Is 1343 composite?
True
Is 681339 a prime number?
False
Is 541 a prime number?
True
Is 51767 a composite number?
False
Is 835301 a prime number?
False
Is 303877 a composite number?
True
Is 2999 a composite number?
False
Is 2053739 a prime number?
False
Is 486433 a prime number?
True
Is 35603 a composite number?
False
Is 291331 composite?
False
Is 83947 a prime number?
False
Is 26099 a composite number?
False
Is 1456267 a prime number?
True
Is 32711 a prime number?
False
Is 2183 prime?
False
Is 1459 a prime number?
True
Is 363943 a composite number?
True
Is 594661 a composite number?
True
Is 157229 a prime number?
True
Is 4009451 prime?
True
Is 891641 a composite number?
True
Is 47303 a composite number?
False
Is 1217 composite?
False
Is 647902 a prime number?
False
Is 207811 composite?
False
Is 7453 a composite number?
True
Is 21041 composite?
True
Is 67121 prime?
True
Is 435911 a composite number?
True
Is 200059 a composite number?
True
Is 387626 a prime number?
False
Is 877373 composite?
True
Is 12827 a prime number?
False
Is 833893 a prime number?
True
Is 647857 a composite number?
True
Is 203207 prime?
True
Is 149087 prime?
True
Is 537991 composite?
False
Is 2743 a composite number?
True
Is 88513 prime?
True
Is 419 a prime number?
True
Is 1213 prime?
True
Is 22229 composite?
False
Is 23849 a prime number?
False
Is 251329 prime?
False
Is 37955 a prime number?
False
Is 11707 a composite number?
True
Is 457 a prime number?
True
Is 4903 prime?
True
Is 448843 composite?
False
Is 12367 composite?
True
Is 24721 composite?
True
Is 40577 a prime number?
True
Is 47599 composite?
False
Is 134777 prime?
True
Is 4553 a prime number?
False
Is 453469 composite?
True
Is 41467 composite?
False
Is 591739 a prime number?
True
Is 140471 composite?
True
Is 1425729 a composite number?
True
Is 7817 prime?
True
Is 251 prime?
True
Is 922819 composite?
True
Is 61801 a composite number?
True
Is 3001907 composite?
False
Is 783043 composite?
False
Is 36691 composite?
False
Is 47029 composite?
True
Is 901223 a prime number?
False
Is 55433 a composite number?
True
Is 54917 prime?
True
Is 43597 prime?
True
Is 6469 composite?
False
Is 11959 composite?
False
Is 4032623 a composite number?
True
Is 176843 a composite number?
True
Is 153937 a composite number?
True
Is 1753 a prime number?
True
Is 8251 prime?
False
Is 2533 composite?
True
Is 227462 composite?
True
Is 3659 a composite number?
False
Is 359 prime?
True
Is 4397 a composite number?
False
Is 1018067 a prime number?
False
Is 52163 a prime number?
True
Is 1377151 prime?
True
Is 585779 a prime number?
True
Is 256083 a prime number?
False
Is 5581 composite?
False
Is 124171 prime?
True
Is 1473 composite?
True
Is 162221 a prime number?
True
Is 877187 composite?
False
Is 62027 prime?
False
Is 2149057 a prime number?
True
Is 187703 a prime number?
False
Is 59591 prime?
False
Is 90509 composite?
True
Is 1839 a prime number?
False
Is 111697 prime?
True
Is 47599 a prime number?
True
Is 91382 a prime number?
False
Is 195395 prime?
False
Is 530641 a prime number?
True
Is 5729 a composite number?
True
Is 19531 composite?
False
Is 99454 a composite number?
True
Is 515191 a composite number?
False
Is 229085 prime?
False
Is 522701 a prime number?
False
Is 39778 a prime number?
False
Is 20569 composite?
True
Is 14851 composite?
False
Is 56741 a prime number?
False
Is 363233 composite?
True
Is 222245 a composite number?
True
Is 62819 a composite number?
False
Is 45053 a prime number?
True
Is 22079 a prime number?
True
Is 6406 a composite number?
True
Is 524471 a prime number?
False
Is 267193 a prime number?
True
Is 28601 composite?
True
Is 323507 a composite number?
False
Is 192026 a composite number?
True
Is 907 a prime number?
True
Is 1409 a prime number?
True
Is 19531 composite?
False
Is 30011 a composite number?
False
Is 179717 composite?
False
Is 2386 a composite number?
True
Is 913 a composite number?
True
Is 25151 a prime number?
False
Is 44483 a composite number?
False
Is 907 composite?
False
Is 33127 a composite number?
True
Is 164383 a prime number?
False
Is 41127 a prime number?
False
Is 83 prime?
True
Is 6803 composite?
False
Is 23297 composite?
False
Is 3791 composite?
True
Is 14671 composite?
True
Is 551617 a prime number?
False
Is 74411 composite?
False
Is 7131 a composite number?
True
Is 4111 a composite number?
False
Is 9839 composite?
False
Is 18517 a composite number?
False
Is 8465 composite?
True
Is 89801 composite?
True
Is 159779 prime?
True
Is 9841 a composite number?
True
Is 5518495 a composite number?
True
Is 944101 a composite number?
True
Is 250343 prime?
True
Is 1709 a composite number?
False
Is 11806 a prime number?
False
Is 4283843 prime?
True
Is 59093 composite?
False
Is 32449 a prime number?
False
Is 2605 composite?
True
Is 278413 a prime number?
True
Is 15349 composite?
False
Is 67103 a composite number?
False
Is 74743 a composite number?
True
Is 4247 a composite number?
True
Is 136133 composite?
False
Is 33191 a composite number?
False
Is 1171 prime?
True
Is 2141122 a composite number?
True
Is 107462 a composite number?
True
Is 39427 prime?
False
Is 69959 prime?
True
Is 25063 prime?
False
Is 9551 a prime number?
True
Is 10289 prime?
True
Is 15013 composite?
False
Is 2744111 prime?
True
Is 36377 a prime number?
False
Is 5737 a composite number?
False
Is 10487 prime?
True
Is 35177 a composite number?
True
Is 31373 a composite number?
True
Is 216259 a composite number?
False
Is 78779 a composite number?
False
Is 1931 prime?
True
Is 2100597 prime?
False
Is 67063 a prime number?
False
Is 2697457 a prime number?
False
Is 23891 prime?
False
Is 175135 a prime number?
False
Is 973 prime?
False
Is 897411 prime?
False
Is 8657 prime?
False
Is 145879 a prime number?
True
Is 57049 a composite number?
True
Is 21877 composite?
True
Is 29654 composite?
True
Is 60029 a prime number?
True
Is 28099 composite?
False
Is 93743 a prime number?
False
Is 390009 a composite number?
True
Is 7022 prime?
False
Is 2437 a composite number?
False
Is 174599 prime?
True
Is 2183 composite?
True
Is 294551 a prime number?
True
Is 284191 a composite number?
False
Is 32707 a prime number?
True
Is 8141 prime?
False
Is 1207841 prime?
True
Is 23719 a prime number?
True
Is 21221 composite?
False
Is 20635 composite?
True
Is 1407223 prime?
True
Is 47251 prime?
True
Is 460403 prime?
True
Is 1049 composite?
False
Is 287219 composite?
False
Is 1171777 a prime number?
False
Is 23423 a composite number?
True
Is 1